s the units digit of 3407301?
1
What is the ten thousands digit of 140796?
4
What is the thousands digit of 5381345?
1
What is the hundred thousands digit of 6764053?
7
What is the ten thousands digit of 201414?
0
What is the units digit of 815622?
2
What is the hundred thousands digit of 995047?
9
What is the hundreds digit of 460092?
0
What is the millions digit of 8590639?
8
What is the hundreds digit of 2873465?
4
What is the units digit of 663342?
2
What is the hundreds digit of 61694?
6
What is the hundreds digit of 354726?
7
What is the tens digit of 940576?
7
What is the tens digit of 26741446?
4
What is the tens digit of 342455?
5
What is the hundreds digit of 234805?
8
What is the units digit of 6761158?
8
What is the hundreds digit of 1567555?
5
What is the tens digit of 1516474?
7
What is the tens digit of 5114202?
0
What is the ten thousands digit of 7159805?
5
What is the millions digit of 2664151?
2
What is the thousands digit of 435315?
5
What is the units digit of 4012879?
9
What is the thousands digit of 383953?
3
What is the tens digit of 1261663?
6
What is the thousands digit of 7070279?
0
What is the hundreds digit of 99559?
5
What is the ten thousands digit of 565120?
6
What is the hundred thousands digit of 1668455?
6
What is the ten thousands digit of 2151853?
5
What is the thousands digit of 93645?
3
What is the tens digit of 336547?
4
What is the thousands digit of 217967?
7
What is the hundred thousands digit of 126785?
1
What is the tens digit of 136213?
1
What is the hundreds digit of 48267?
2
What is the tens digit of 2648431?
3
What is the tens digit of 2688786?
8
What is the hundreds digit of 342322?
3
What is the units digit of 195486?
6
What is the hundreds digit of 18206?
2
What is the ten thousands digit of 681255?
8
What is the ten thousands digit of 3924751?
2
What is the hundred thousands digit of 472254?
4
What is the ten thousands digit of 1024430?
2
What is the millions digit of 5000252?
5
What is the thousands digit of 1816522?
6
What is the ten thousands digit of 60194?
6
What is the hundreds digit of 194398?
3
What is the thousands digit of 634256?
4
What is the units digit of 54465?
5
What is the units digit of 2458844?
4
What is the hundreds digit of 34981866?
8
What is the units digit of 4060728?
8
What is the hundred thousands digit of 114232?
1
What is the thousands digit of 394407?
4
What is the thousands digit of 10939829?
9
What is the hundred thousands digit of 681385?
6
What is the hundreds digit of 469235?
2
What is the ten thousands digit of 3816673?
1
What is the ten thousands digit of 341503?
4
What is the units digit of 509878?
8
What is the hundreds digit of 4235162?
1
What is the tens digit of 4347590?
9
What is the tens digit of 146825?
2
What is the ten thousands digit of 1744966?
4
What is the hundred thousands digit of 1100254?
1
What is the millions digit of 27309062?
7
What is the millions digit of 3433495?
3
What is the hundreds digit of 351096?
0
What is the tens digit of 1436561?
6
What is the millions digit of 3017099?
3
What is the millions digit of 13585462?
3
What is the ten millions digit of 12257752?
1
What is the hundred thousands digit of 2457155?
4
What is the ten thousands digit of 1107041?
0
What is the ten thousands digit of 2010717?
1
What is the ten thousands digit of 20091?
2
What is the hundred thousands digit of 405462?
4
What is the thousands digit of 629183?
9
What is the ten thousands digit of 35625?
3
What is the hundred thousands digit of 128887?
1
What is the units digit of 55011?
1
What is the hundred thousands digit of 606430?
6
What is the ten thousands digit of 1761395?
6
What is the hundred thousands digit of 5331287?
3
What is the millions digit of 18680367?
8
What is the thousands digit of 308725?
8
What is the thousands digit of 14551997?
1
What is the millions digit of 33180280?
3
What is the hundreds digit of 315832?
8
What is the hundreds digit of 5346283?
2
What is the thousands digit of 2896143?
6
What is the millions digit of 24779036?
4
What is the thousands digit of 5043480?
3
What is the units digit of 101641?
1
What is the ten thousands digit of 2001969?
0
What is the units digit of 3000255?
5
What is the tens digit of 219277?
7
What is the units digit of 8191?
1
What is the ten thousands digit of 318272?
1
What is the thousands digit of 616069?
6
What is the tens digit of 3716616?
1
What is the ten thousands digit of 9033265?
3
What is the tens digit of 7374310?
1
What is the ten thousands digit of 20058?
2
What is the tens digit of 413319?
1
What is the tens digit of 871594?
9
What is the tens digit of 3131905?
0
What is the thousands digit of 17900?
7
What is the ten thousands digit of 501287?
0
What is the units digit of 234890?
0
What is the hundred thousands digit of 7335230?
3
What is the hundreds digit of 2307996?
9
What is the ten thousands digit of 1905927?
0
What is the ten thousands digit of 7962539?
6
What is the hundred thousands digit of 319260?
3
What is the hundred thousands digit of 1530217?
5
What is the hundred thousands digit of 771691?
7
What is the hundreds digit of 6345291?
2
What is the tens digit of 209420?
2
What is the units digit of 7171073?
3
What is the units digit of 1250436?
6
What is the hundred thousands digit of 2479562?
4
What is the hundred thousands digit of 2637496?
6
What is the hundred thousands digit of 2016047?
0
What is the units digit of 143132?
2
What is the ten thousands digit of 2618093?
1
What is the units digit of 6368703?
3
What is the hundred thousands digit of 10048874?
0
What is the thousands digit of 821026?
1
What is the tens digit of 915566?
6
What is the thousands digit of 2208941?
8
What is the hundred thousands digit of 146577?
1
What is the hundreds digit of 289020?
0
What is the thousands digit of 646382?
6
What is the tens digit of 12105629?
2
What is the tens digit of 1492328?
2
What is the hundreds digit of 7487823?
8
What is the millions digit of 22424358?
2
What is the ten thousands digit of 60180?
6
What is the hundred thousands digit of 110342?
1
What is the thousands digit of 513399?
3
What is the units digit of 42412?
2
What is the ten thousands digit of 20601804?
0
What is the tens digit of 4557003?
0
What is the tens digit of 754848?
4
What is the millions digit of 3365275?
3
What is the ten thousands digit of 291374?
9
What is the tens digit of 766295?
9
What is the units digit of 1048944?
4
What is the tens digit of 3849108?
0
What is the thousands digit of 6203323?
3
What is the hundred thousands digit of 277473?
2
What is the units digit of 73739?
9
What is the hundred thousands digit of 261636?
2
What is the hundreds digit of 80014?
0
What is the units digit of 5118541?
1
What is the hundred thousands digit of 377876?
3
What is the hundreds digit of 2905844?
8
What is the tens digit of 36980?
8
What is the units digit of 398525?
5
What is the millions digit of 8661168?
8
What is the thousands digit of 68437?
8
What is the tens digit of 2356698?
9
What is the hundreds digit of 112874?
8
What is the thousands digit of 729786?
9
What is the hundred thousands digit of 5085334?
0
What is the units digit of 27642?
2
What is the thousands digit of 5053875?
3
What is the units digit of 8242589?
9
What is the hundred thousands digit of 2499177?
4
What is the ten thousands digit of 223179?
2
What is the thousands digit of 143458?
3
What is the hundreds digit of 236411?
4
What is the tens digit of 4674825?
2
What is the ten millions digit of 34986816?
3
What is the hundreds digit of 3686855?
8
What is the hundred thousands digit of 7560836?
5
What is the ten thousands digit of 2753708?
5
What is the hundreds digit of 9714817?
8
What is the millions digit of 12179629?
2
What is the tens digit of 24870181?
8
What is the tens digit of 1913829?
2
What is the ten thousands digit of 140275?
4
What is the units digit of 1540081?
1
What is the units digit of 21905433?
3
What is the ten thousands digit of 4422075?
2
What is the hundreds digit of 386464?
4
What is the hundreds digit of 1331635?
6
What is the ten thousands digit of 10592652?
9
What is the hundreds digit of 325581?
5
What is the millions digit of 7926687?
7
What is the thousands digit of 68043?
8
What is th